6*i + 4*i = -4. Suppose -5*k + 1425 = m. List the prime factors of k.
2, 3, 11
Let q(m) be the first derivative of m**2/2 + 9*m + 1. Let g = -6 + 0. What are the prime factors of q(g)?
3
Let r(d) = -14*d**2 - 3*d - 15*d**2 + 30*d**2 - 1. Let j be r(3). List the prime factors of (-7)/(4/12*j).
3, 7
Suppose 0 = -16*i + 3264 - 784. What are the prime factors of i?
5, 31
Suppose -x - 4*w = 1 + 2, -27 = 4*x + w. Let t(k) = -12*k + 26. List the prime factors of t(x).
2, 5, 11
Suppose 2*y + 1165 = 5*o, -o + 3*o + 5*y - 495 = 0. Suppose -3*w = -w - z - o, -5*w - 4*z + 568 = 0. What are the prime factors of w?
2, 29
Suppose -6*o + 7 = -5. Suppose -4*p + 2*q = -54, -o*p + 25 = 5*q - 32. Let w(j) = 2*j + 12. What are the prime factors of w(p)?
2, 11
Let m(a) = 17*a + 10. Suppose 4*d + 0*d - 12 = 0. List the prime factors of m(d).
61
Suppose -3*f + q + 3135 - 293 = 0, -5*f = -5*q - 4720. Let u = 4 + -8. What are the prime factors of f/26 - (-6)/u?
5, 7
Let l be (-2)/(-15) - 5316/135*3. What are the prime factors of (0 + -2 - l) + 1/(-1)?
5, 23
Suppose 0 = -23*i + 27*i + 5*s - 2315, 2*s = 5*i - 2902. What are the prime factors of i?
2, 5, 29
Let u = 127 - 71. Suppose -u = -2*z + z. What are the prime factors of z?
2, 7
Let m(v) = -37*v**2 + 0*v**3 + 4*v + 3 + v**3 + 44*v**2. List the prime factors of m(-5).
3, 11
Suppose 12*j - j = 6226. List the prime factors of j.
2, 283
Suppose 2419*d - 17610 = 2413*d. List the prime factors of d.
5, 587
Let a be 6/(-4)*(-128)/(-6). Let b(t) = 65*t - 8. Let z be b(1). Let o = a + z. What are the prime factors of o?
5
Suppose 0 = 2*v + 3*r + 26, -19 = 3*v + 4*r + 19. Let o be 4/v + (-113)/5. Let h = -19 - o. List the prime factors of h.
2
Let x = -86 + 88. Suppose -x = q - 5*p - 21, -140 = -4*q + 4*p. What are the prime factors of q?
3, 13
Let f be (-4*2/(-12))/((-9)/(-108)). Suppose 0*v + 144 = f*v. List the prime factors of v.
2, 3
Let k be -117*(-3 + (-21)/(-9)). Suppose 3*q - 3*l = k, -1 = -4*q + 3*l + 101. List the prime factors of 2/q*3*68.
17
Let a = 11 - -1. Suppose -a = -3*n + 7*n. What are the prime factors of 68*n/6*-1?
2, 17
Suppose 2919 = -5*v + 26*v. List the prime factors of v.
139
Let p(f) = -30*f + 31. List the prime factors of p(-30).
7, 19
Suppose 10*r = -12 + 52. What are the prime factors of -218*(-40)/32*r/10?
109
Let r be -3 + (0 - 2) + 2. Let n(q) = -37*q - 3. What are the prime factors of n(r)?
2, 3
Let x(m) = -m**2 - 12*m - 9. Let k be x(-11). Suppose -k*v + 12 = 4. Let y = 11 + v. List the prime factors of y.
3, 5
Let r(o) = -10*o - 16. Suppose -5*t = -t + 24. Let q be r(t). Suppose n + q = -2*y + 3*y, 24 = y + 4*n. What are the prime factors of y?
2, 5
Let w = 15 - 9. Let l be 10/w*6/2. Suppose -76 = -l*n - 21. What are the prime factors of n?
11
Let c(d) = d**2 + 8. Suppose -v = 5*f + 14, -7*v + 2*v + 2*f + 38 = 0. List the prime factors of c(v).
2, 11
Suppose 0 = -10*f + 189 + 31. What are the prime factors of f?
2, 11
Let d = 23 + -35. Let j(n) = -n**3 - 13*n**2 - 13*n + 26. List the prime factors of j(d).
2, 19
Let a(f) = 6*f**3 - 8*f**2 - 9*f - 11. Let v(x) = 4*x**3 - 5*x**2 - 6*x - 7. Suppose 3*z = 10 + 5. Let d(j) = z*a(j) - 8*v(j). List the prime factors of d(-2).
11
Suppose 0 = 3*z - 7*z. Suppose -3*s - 2 + 11 = z. Suppose 4*g + 5*j = -70 + 234, 4*j = s*g - 123. List the prime factors of g.
41
Let f(h) = h**3 - 12*h**2 + 11*h - 6. What are the prime factors of f(12)?
2, 3, 7
Suppose 1 = -5*g - 14. Let t be 0 + -2 - (g - -2). What are the prime factors of t - 2 - 130/(-2)?
2, 31
List the prime factors of (-6)/(-2) - (-5174)/26.
2, 101
Suppose -279 = -3*j - 105. Suppose q + 3*z - z - 58 = 0, 4*z + j = q. List the prime factors of q.
2, 29
What are the prime factors of 7*2*-1257*(-16)/56?
2, 3, 419
Let i = 20 + -4. Suppose 2*n - 4*q = 68, 3*n + 4*q = 2*n + i. List the prime factors of n.
2, 7
Let r be (-4)/22 + (-39)/(-33) + -2. What are the prime factors of 1 - (4 + r) - -100?
2, 7
Let n(t) = 511*t + 54. List the prime factors of n(3).
3, 23
Suppose 0 = 2*n + 3*n + 2*a - 8, -n - 4*a + 16 = 0. Suppose 0*l + 2*l - 162 = n. List the prime factors of l.
3
Suppose -4*d + 12 = -2*d. Suppose 310 = 3*g + 2*x, -d*x = -3*x - 15. What are the prime factors of g?
2, 5
Let z be 2/(-13) - 1056/(-104). Let f = z + -24. List the prime factors of f/(-16)*4*10.
5, 7
Suppose 2*c + 548 - 2169 = -5*s, -5*c + s = -4120. What are the prime factors of c?
823
Let x = -94 - -94. Suppose x = 10*v + 243 - 2173. List the prime factors of v.
193
Suppose -2793 = -2*t + 169. List the prime factors of t.
1481
Suppose 5*z = 20, 0*z + 78 = 2*g + 4*z. Suppose 0 = 2*w + u - 101, 3*w - g = -u + 122. List the prime factors of w.
2, 13
Let k(w) = w**3 + 19*w**2 - 20*w - 35. List the prime factors of k(-18).
11, 59
Suppose 0 = -5*n + 21 - 1. Suppose -3*g + 5*x - 16 = -4*g, 0 = -n*g + 4*x + 64. List the prime factors of g.
2
Suppose 2*d + 25 = 13. Let h be d/(-3) + 384/(-3). List the prime factors of (-10)/4*h/9.
5, 7
Suppose 4 - 3 = -g. List the prime factors of ((-513)/18)/(g/2).
3, 19
Let x = -151 + 212. What are the prime factors of x?
61
Suppose 2*o = 6 - 10. Let z be -3 + 4 - 7 - o. Let i = 10 + z. What are the prime factors of i?
2, 3
Let d = -14 + 3. Let z(u) = u**3 - 4*u + 3. Let c be z(3). Let q = d + c. What are the prime factors of q?
7
Let b(v) = -v**3 - 6*v**2 - 17*v - 14. Let k be b(-4). Let l(z) = -z**2 + 30*z + 26. What are the prime factors of l(k)?
2, 101
Let l = -2076 + 3145. List the prime factors of l.
1069
Let x(z) = -141*z + 7. Let s be x(-9). Suppose -4*q = s - 220. What are the prime factors of (1/3)/((-8)/q)?
11
Let u be ((-100)/75)/(2/6). List the prime factors of (-202)/u - (-1)/(-2).
2, 5
Let d be ((-110)/(-15))/(4/30). Let x = -97 + d. Let z = x - -66. List the prime factors of z.
2, 3
Let c = 957 - 672. What are the prime factors of c?
3, 5, 19
Let w(q) = 8*q**2 + 2*q + 18. Let c be w(-3). Let t = 87 - c. What are the prime factors of t?
3
Let f(j) = 4*j**2 + 31*j - 10. List the prime factors of f(-13).
263
Suppose -2*y = 2*o + 12, -4*o + 0 = y + 21. Let c be (-1 - y - -2) + 2. Suppose -c*n - 140 = -9*n. What are the prime factors of n?
2, 7
Let z(l) = l + 5. Let u be z(-2). What are the prime factors of 90 - 12/u - (2 - 1)?
5, 17
Suppose j - 317 + 1487 = 4*o, j = -2*o + 582. List the prime factors of o.
2, 73
Suppose -18 = -4*h - 0*u + u, h - u = 3. List the prime factors of -1 + h - (-9)/1.
13
Suppose 25 = 4*u + u + 5*o, 4*o = 0. Suppose -25 + u = -5*p. Suppose -p*t - t + 45 = 0. List the prime factors of t.
3
Suppose 0 = -6*h + 3*h - 465. Let a = h + 227. What are the prime factors of a?
2, 3
Suppose 4*h + 5*r = 1996, 2*h - 1516 = -h + r. Suppose -5*j = -j, -4*z = -j - h. List the prime factors of z.
2, 3, 7
Let h(j) = 90*j**2 + j - 5. What are the prime factors of h(2)?
3, 7, 17
Let n be (-3)/9 - 226/(-3). Let g = n - 45. Suppose 3*o = -p + 3 + 17, 3*p - g = -3*o. What are the prime factors of p?
5
Suppose -4*o + 1836 = 5*o. Let d = o - 29. List the prime factors of d.
5, 7
Let i be 1/(-8) + 117/(-24). Let l = i - -5. Suppose l = 3*a + a - 32. List the prime factors of a.
2
Let p = 8 - -190. Suppose x + 0*x = p. List the prime factors of x/11 + -2*1.
2
Suppose 11582 - 163 = 3*g + 5*c, 0 = -2*g - c + 7608. What are the prime factors of g?
3803
Suppose 0 = -2*k + 5*r + 11, 1 = -r - 2. Let c be 11/((-44)/(-20) + k). Suppose 0 = 5*p - c - 65. What are the prime factors of p?
2, 3
Let i = -6767 - -9552. What are the prime factors of i?
5, 557
Let u be (-2 - (1 + -5)) + 11. Let a(z) = 5 + u + 3 + z. What are the prime factors of a(0)?
3, 7
Let a = -17 - -22. Let z(q) = 7 + a*q - 3*q - 3*q + 0*q. List the prime factors of z(-4).
11
Let k be (95 - (2 - 2)) + 3 + -1. Suppose 2*l + g = 4*l - k, -148 = -3*l - g. List the prime factors of l.
7
Suppose -322 = -2*p + 278. What are the prime factors of p?
2, 3, 5
Let f(l) = -4*l + 2. Let k be f(2). Let r be 5 + k/(-2 + -1). Suppose 0 = 2*n - r*n - 2*d + 140, 3*n - 4*d - 84 = 0. What are the prime factors of n?
2, 7
Let m(k) = k - 5. Let d be m(3). Let w = 0 + 1. List the prime factors of w - 34/(4/d).
2, 3
Let w = 3315 - 1513. What are the prime factors of w?
2, 17, 53
Let n(w) = 10*w**3 - 18*w**2 - 19*w - 1. Let z be n(-1). Let p(t) be the first deriv